{"id":40,"date":"2026-04-16T09:00:41","date_gmt":"2026-04-16T09:00:41","guid":{"rendered":"https:\/\/dwenzik.digital\/?page_id=40"},"modified":"2026-04-16T09:00:49","modified_gmt":"2026-04-16T09:00:49","slug":"contacto-directo-centro-dwenzik","status":"publish","type":"page","link":"https:\/\/dwenzik.digital\/?page_id=40","title":{"rendered":"Contacto Directo"},"content":{"rendered":"\n<p>La comunicaci\u00f3n es el primer paso para la transformaci\u00f3n. En <strong>dwenzik<\/strong>, centralizamos nuestros datos para que no pierdas ni un segundo de tu valioso tiempo.<\/p>\n\n\n\n<figure class=\"wp-block-table\"><table class=\"has-fixed-layout\"><thead><tr><td><strong>Canal de Comunicaci\u00f3n<\/strong><\/td><td><strong>Informaci\u00f3n Oficial<\/strong><\/td><\/tr><\/thead><tbody><tr><td><strong>Direcci\u00f3n F\u00edsica<\/strong><\/td><td>L\u00edbano 3061, N3301 Posadas, Misiones<\/td><\/tr><tr><td><strong>Correo Electr\u00f3nico<\/strong><\/td><td><strong>mail@dwenzik.digital<\/strong><\/td><\/tr><tr><td><strong>Referente Directa<\/strong><\/td><td>Luisa Herrero<\/td><\/tr><tr><td><strong>Tel\u00e9fono<\/strong><\/td><td>+54 379 403-69-31<\/td><\/tr><\/tbody><\/table><\/figure>\n\n\n\n<ul class=\"wp-block-list\">\n<li><strong>Consultas por Inscripci\u00f3n:<\/strong> Si quieres comenzar hoy mismo, env\u00edanos tus objetivos a <strong>mail@dwenzik.digital<\/strong>.<\/li>\n\n\n\n<li><strong>Soporte de Planes:<\/strong> Para dudas t\u00e9cnicas sobre tu rutina actual, nuestro equipo de cinco expertos responde en menos de doce horas.<\/li>\n<\/ul>\n","protected":false},"excerpt":{"rendered":"<p>La comunicaci\u00f3n es el primer paso para la transformaci\u00f3n. En dwenzik, centralizamos nuestros datos para que no pierdas ni un segundo de tu valioso tiempo. Canal de Comunicaci\u00f3n Informaci\u00f3n Oficial Direcci\u00f3n F\u00edsica L\u00edbano 3061, N3301 Posadas, Misiones Correo Electr\u00f3nico mail@dwenzik.digital Referente Directa [&hellip;]<\/p>\n","protected":false},"author":1,"featured_media":0,"parent":0,"menu_order":11,"comment_status":"closed","ping_status":"closed","template":"","meta":{"footnotes":""},"class_list":["post-40","page","type-page","status-publish","hentry"],"_links":{"self":[{"href":"https:\/\/dwenzik.digital\/index.php?rest_route=\/wp\/v2\/pages\/40","targetHints":{"allow":["GET"]}}],"collection":[{"href":"https:\/\/dwenzik.digital\/index.php?rest_route=\/wp\/v2\/pages"}],"about":[{"href":"https:\/\/dwenzik.digital\/index.php?rest_route=\/wp\/v2\/types\/page"}],"author":[{"embeddable":true,"href":"https:\/\/dwenzik.digital\/index.php?rest_route=\/wp\/v2\/users\/1"}],"replies":[{"embeddable":true,"href":"https:\/\/dwenzik.digital\/index.php?rest_route=%2Fwp%2Fv2%2Fcomments&post=40"}],"version-history":[{"count":2,"href":"https:\/\/dwenzik.digital\/index.php?rest_route=\/wp\/v2\/pages\/40\/revisions"}],"predecessor-version":[{"id":42,"href":"https:\/\/dwenzik.digital\/index.php?rest_route=\/wp\/v2\/pages\/40\/revisions\/42"}],"wp:attachment":[{"href":"https:\/\/dwenzik.digital\/index.php?rest_route=%2Fwp%2Fv2%2Fmedia&parent=40"}],"curies":[{"name":"wp","href":"https:\/\/api.w.org\/{rel}","templated":true}]}}